{"id":24851,"date":"2022-08-15T15:19:07","date_gmt":"2022-08-15T18:19:07","guid":{"rendered":"https:\/\/panorama.coisadecinema.com.br\/?page_id=24851"},"modified":"2023-05-23T19:40:59","modified_gmt":"2023-05-23T22:40:59","slug":"ingressos","status":"publish","type":"page","link":"https:\/\/acervo.coisadecinema.com.br\/xviii-panorama\/xviii-panorama\/ingressos\/","title":{"rendered":"Ingressos"},"content":{"rendered":"<div class=\"fusion-fullwidth fullwidth-box fusion-builder-row-1 fusion-flex-container fusion-parallax-none hundred-percent-fullwidth hundred-percent-height non-hundred-percent-height-scrolling\" style=\"--awb-border-radius-top-left:0px;--awb-border-radius-top-right:0px;--awb-border-radius-bottom-right:0px;--awb-border-radius-bottom-left:0px;--awb-padding-top:150px;--awb-padding-right:12%;--awb-padding-bottom:160px;--awb-padding-left:12%;--awb-padding-top-small:120px;--awb-margin-top-small:0px;--awb-background-color:var(--awb-custom_color_2);--awb-background-image:url(&quot;https:\/\/panorama.coisadecinema.com.br\/wp-content\/uploads\/2022\/08\/bg-sobre.jpg&quot;);--awb-background-size:cover;--awb-flex-wrap:wrap;\" ><div class=\"fusion-builder-row fusion-row fusion-flex-align-items-flex-start fusion-flex-content-wrap\" style=\"width:104% !important;max-width:104% !important;margin-left: calc(-4% \/ 2 );margin-right: calc(-4% \/ 2 );\"><div class=\"fusion-layout-column fusion_builder_column fusion-builder-column-0 fusion_builder_column_1_1 1_1 fusion-flex-column\" style=\"--awb-bg-blend:overlay;--awb-bg-size:cover;--awb-width-large:100%;--awb-margin-top-large:0px;--awb-spacing-right-large:1.92%;--awb-margin-bottom-large:0px;--awb-spacing-left-large:1.92%;--awb-width-medium:100%;--awb-spacing-right-medium:1.92%;--awb-spacing-left-medium:1.92%;--awb-width-small:100%;--awb-spacing-right-small:1.92%;--awb-spacing-left-small:1.92%;\"><div class=\"fusion-column-wrapper fusion-flex-justify-content-flex-start fusion-content-layout-column\"><div class=\"fusion-title title fusion-title-1 fusion-sep-none fusion-title-text fusion-title-size-one\" style=\"--awb-margin-bottom:30px;--awb-margin-bottom-small:30px;\"><h1 class=\"fusion-title-heading title-heading-left\" style=\"margin:0;\">Ingressos<\/h1><\/div><div class=\"fusion-text fusion-text-1\"><p>O XVIII Panorama Internacional Coisa de Cinema acontece entre os dias 03 a 09 de novembro de 2022 em Salvador, no Cine Metha Glauber Rocha, e em Cachoeira, no Cine Theatro Cachoeirano.<\/p>\n<p>Em Salvador, os ingressos custam R$12,00 (inteira), R$ 6,00 (meia) e podem ser adquiridos diretamente na bilheteria do cinema ou online atrav\u00e9s do site do Cine Metha Glauber Rocha.<\/p>\n<p>H\u00e1 tamb\u00e9m a op\u00e7\u00e3o do Passaporte Individual e intransfer\u00edvel, que custa R$40 e d\u00e1 direito a 10 sess\u00f5es. A venda do passaporte \u00e9 realizada <b>EXCLUSIVAMENTE<\/b> na bilheteria do Cine Metha Glauber Rocha.<\/p>\n<p>Em Cachoeira as exibi\u00e7\u00f5es ser\u00e3o gratuitas.<\/p>\n<\/div><div ><a class=\"fusion-button button-flat fusion-button-default-size button-default fusion-button-default button-1 fusion-button-default-span fusion-button-default-type\" style=\"--button-border-radius-top-left:0;--button-border-radius-top-right:0;--button-border-radius-bottom-right:0;--button-border-radius-bottom-left:0;--button_text_transform:uppercase;--button_margin-top:30px;\" target=\"_blank\" rel=\"noopener noreferrer\" href=\"https:\/\/www.veloxtickets.com\/Portal\/Local\/Cinema\/Salvador\/Cine-Metha-Glauber-Rocha\/SLV\"><span class=\"fusion-button-text\">Comprar ingressos<\/span><\/a><\/div><\/div><\/div><\/div><\/div>\n","protected":false},"excerpt":{"rendered":"","protected":false},"author":3,"featured_media":0,"parent":19,"menu_order":0,"comment_status":"closed","ping_status":"closed","template":"100-width.php","meta":{"footnotes":""},"class_list":["post-24851","page","type-page","status-publish","hentry"],"_links":{"self":[{"href":"https:\/\/acervo.coisadecinema.com.br\/xviii-panorama\/wp-json\/wp\/v2\/pages\/24851","targetHints":{"allow":["GET"]}}],"collection":[{"href":"https:\/\/acervo.coisadecinema.com.br\/xviii-panorama\/wp-json\/wp\/v2\/pages"}],"about":[{"href":"https:\/\/acervo.coisadecinema.com.br\/xviii-panorama\/wp-json\/wp\/v2\/types\/page"}],"author":[{"embeddable":true,"href":"https:\/\/acervo.coisadecinema.com.br\/xviii-panorama\/wp-json\/wp\/v2\/users\/3"}],"replies":[{"embeddable":true,"href":"https:\/\/acervo.coisadecinema.com.br\/xviii-panorama\/wp-json\/wp\/v2\/comments?post=24851"}],"version-history":[{"count":9,"href":"https:\/\/acervo.coisadecinema.com.br\/xviii-panorama\/wp-json\/wp\/v2\/pages\/24851\/revisions"}],"predecessor-version":[{"id":28496,"href":"https:\/\/acervo.coisadecinema.com.br\/xviii-panorama\/wp-json\/wp\/v2\/pages\/24851\/revisions\/28496"}],"up":[{"embeddable":true,"href":"https:\/\/acervo.coisadecinema.com.br\/xviii-panorama\/wp-json\/wp\/v2\/pages\/19"}],"wp:attachment":[{"href":"https:\/\/acervo.coisadecinema.com.br\/xviii-panorama\/wp-json\/wp\/v2\/media?parent=24851"}],"curies":[{"name":"wp","href":"https:\/\/api.w.org\/{rel}","templated":true}]}}