{"id":879,"date":"2019-10-12T00:37:45","date_gmt":"2019-10-12T03:37:45","guid":{"rendered":"http:\/\/coisadecinema.com.br\/xv-panorama\/?page_id=879"},"modified":"2019-10-21T18:23:19","modified_gmt":"2019-10-21T20:23:19","slug":"producao-executiva","status":"publish","type":"page","link":"https:\/\/acervo.coisadecinema.com.br\/xv-panorama\/atividades\/producao-executiva\/","title":{"rendered":"Oficina de Produ\u00e7\u00e3o Executiva"},"content":{"rendered":"<h3><strong>Com Leonardo Mecchi<\/strong><\/h3>\n<p><strong>Quando:<\/strong> 02\/11 a 05\/11, de 9h \u00e0s 12h<br \/>\n<strong>Onde:<\/strong> Espa\u00e7o Ita\u00fa de Cinema \u2013 Glauber Rocha (sala 2)<br \/>\n<strong>Quanto:<\/strong> R$ 150,00 (o valor ser\u00e1 cobrado mediante sele\u00e7\u00e3o na oficina \u2013 a inscri\u00e7\u00e3o \u00e9 confirmada mediante pagamento do valor)<\/p>\n<p>Inscri\u00e7\u00f5es at\u00e9 21 de outubro de 2019 clicando aqui (<a href=\"http:\/\/coisadecinema.com.br\/panorama-internacional\/oficinas2019\/\">http:\/\/coisadecinema.com.br\/panorama-internacional\/oficinas2019\/<\/a>).<\/p>\n<p>&nbsp;<\/p>\n<p>A <strong>Oficina de Produ\u00e7\u00e3o Executiva<\/strong> tem como objetivo apresentar o processo de realiza\u00e7\u00e3o de um projeto audiovisual, desde o seu desenho inicial \u2013 an\u00e1lise do argumento\/roteiro, constru\u00e7\u00e3o do or\u00e7amento, desenvolvimento de cronograma e suas possibilidades de financiamento \u2013 \u00e0 produ\u00e7\u00e3o e distribui\u00e7\u00e3o em diferentes janelas, de perspectivas nacionais a internacionais.<\/p>\n<p>&nbsp;<\/p>\n<p><strong>Leonardo Mecchi<\/strong><\/p>\n<p><img loading=\"lazy\" decoding=\"async\" class=\"alignnone size-medium wp-image-872\" src=\"http:\/\/coisadecinema.com.br\/xv-panorama\/wp-content\/uploads\/2019\/09\/LeonardoMecchi-300x225.jpg\" alt=\"\" width=\"300\" height=\"225\" srcset=\"https:\/\/acervo.coisadecinema.com.br\/xv-panorama\/wp-content\/uploads\/2019\/09\/LeonardoMecchi-300x225.jpg 300w, https:\/\/acervo.coisadecinema.com.br\/xv-panorama\/wp-content\/uploads\/2019\/09\/LeonardoMecchi-768x576.jpg 768w, https:\/\/acervo.coisadecinema.com.br\/xv-panorama\/wp-content\/uploads\/2019\/09\/LeonardoMecchi.jpg 800w\" sizes=\"auto, (max-width: 300px) 100vw, 300px\" \/><\/p>\n<p>S\u00f3cio-fundador da Enquadramento Produ\u00e7\u00f5es. Atuou na produ\u00e7\u00e3o de longas como &#8220;Los Silencios&#8221;, de Beatriz Seigner (Festival de Cannes \u2013 Quinzena dos Realizadores); &#8220;A Febre&#8221;, de Maya Da-Rin (Festival de Locarno \u2013 Melhor Ator, Pr\u00eamio FIPRESCI da Cr\u00edtica); &#8220;Morma\u00e7o&#8221;, de Marina Meliande (Festival de Rotterdam); &#8220;Obra&#8221;, de Greg\u00f3rio Graziosi (Festival de Roma; Festival do Rio \u2013 Melhor Fotografia, Pr\u00eamio FIPRESCI da Cr\u00edtica); &#8220;Super Nada&#8221;, de Rubens Rewald (Festival de Amiens; Festival de Gramado \u2013 Melhor Ator; Festival do Rio \u2013 Melhor Filme e Pr\u00eamio Especial do J\u00fari, mostra Novos Rumos); e &#8220;Quebradeiras&#8221;, de Evaldo Mocarzel (Festival de Toulouse \u2013 Melhor Document\u00e1rio; Festival de Bras\u00edlia \u2013 Melhor Dire\u00e7\u00e3o, Fotografia e Som). \u00c9 tamb\u00e9m produtor associado de &#8220;O Processo&#8221;, de Maria Augusta Ramos (Festival de Berlim). Atua ainda como curador, produtor e colaborador de mostras e festivais de cinema.<\/p>\n<p>&nbsp;<\/p>\n","protected":false},"excerpt":{"rendered":"<p>Com Leonardo Mecchi Quando: 02\/11 a 05\/11, de 9h \u00e0s 12h Onde: Espa\u00e7o Ita\u00fa de Cinema \u2013 Glauber Rocha (sala 2) Quanto: R$ 150,00 (o valor ser\u00e1 cobrado mediante sele\u00e7\u00e3o na oficina \u2013 a inscri\u00e7\u00e3o \u00e9 confirmada mediante pagamento do valor) Inscri\u00e7\u00f5es at\u00e9 21 de outubro de 2019 clicando aqui (http:\/\/coisadecinema.com.br\/panorama-internacional\/oficinas2019\/). &nbsp; A Oficina de [&hellip;]<\/p>\n","protected":false},"author":1,"featured_media":0,"parent":100,"menu_order":7,"comment_status":"closed","ping_status":"closed","template":"oficina.php","meta":{"_acf_changed":false,"footnotes":""},"class_list":["post-879","page","type-page","status-publish","hentry"],"acf":[],"_links":{"self":[{"href":"https:\/\/acervo.coisadecinema.com.br\/xv-panorama\/wp-json\/wp\/v2\/pages\/879","targetHints":{"allow":["GET"]}}],"collection":[{"href":"https:\/\/acervo.coisadecinema.com.br\/xv-panorama\/wp-json\/wp\/v2\/pages"}],"about":[{"href":"https:\/\/acervo.coisadecinema.com.br\/xv-panorama\/wp-json\/wp\/v2\/types\/page"}],"author":[{"embeddable":true,"href":"https:\/\/acervo.coisadecinema.com.br\/xv-panorama\/wp-json\/wp\/v2\/users\/1"}],"replies":[{"embeddable":true,"href":"https:\/\/acervo.coisadecinema.com.br\/xv-panorama\/wp-json\/wp\/v2\/comments?post=879"}],"version-history":[{"count":7,"href":"https:\/\/acervo.coisadecinema.com.br\/xv-panorama\/wp-json\/wp\/v2\/pages\/879\/revisions"}],"predecessor-version":[{"id":971,"href":"https:\/\/acervo.coisadecinema.com.br\/xv-panorama\/wp-json\/wp\/v2\/pages\/879\/revisions\/971"}],"up":[{"embeddable":true,"href":"https:\/\/acervo.coisadecinema.com.br\/xv-panorama\/wp-json\/wp\/v2\/pages\/100"}],"wp:attachment":[{"href":"https:\/\/acervo.coisadecinema.com.br\/xv-panorama\/wp-json\/wp\/v2\/media?parent=879"}],"curies":[{"name":"wp","href":"https:\/\/api.w.org\/{rel}","templated":true}]}}