{"id":103,"date":"2018-10-30T05:35:22","date_gmt":"2018-10-30T07:35:22","guid":{"rendered":"http:\/\/coisadecinema.com.br\/xiv-panorama\/?page_id=103"},"modified":"2019-11-04T01:13:36","modified_gmt":"2019-11-04T03:13:36","slug":"oficina-de-figurino","status":"publish","type":"page","link":"https:\/\/acervo.coisadecinema.com.br\/xv-panorama\/atividades\/oficina-de-figurino\/","title":{"rendered":"Oficina de Figurino"},"content":{"rendered":"<h3>Com Diana Moreira<\/h3>\n<p><strong>Quando:<\/strong> 30\/10 a 02\/11, de 9h \u00e0s 12h<br \/>\n<strong>Onde:<\/strong> Local a confirmar<br \/>\n<strong>Quanto:<\/strong>\u00a0R$ 150,00 (o valor ser\u00e1 cobrado mediante sele\u00e7\u00e3o na oficina \u2013 a inscri\u00e7\u00e3o \u00e9 confirmada mediante pagamento do valor)<\/p>\n<p>Inscri\u00e7\u00f5es at\u00e9 21 de outubro de 2019 clicando aqui (<a href=\"http:\/\/coisadecinema.com.br\/panorama-internacional\/oficinas2019\/\">http:\/\/coisadecinema.com.br\/panorama-internacional\/oficinas2019\/<\/a>).<\/p>\n<p>&nbsp;<\/p>\n<p class=\"p1\">Oficina de Figurino visa apresentar ao aluno o caminho percorrido para a realiza\u00e7\u00e3o do figurino para cinema. Durante a oficina ser\u00e3o abordados diversos temas: processo de cria\u00e7\u00e3o, produ\u00e7\u00e3o e desenvolvimento, rela\u00e7\u00f5es com dire\u00e7\u00e3o de arte, fotografia e dire\u00e7\u00e3o da obra, acesso a fornecedores e acervos, solu\u00e7\u00f5es de execu\u00e7\u00e3o, entre outros. Da leitura do roteiro \u00e0 des-produ\u00e7\u00e3o, o aluno conhecer\u00e1 como s\u00e3o desenvolvidos os documentos necess\u00e1rios para o projeto: prancha de refer\u00eancia, decupagem, quantifica\u00e7\u00e3o de figurino, planilha de presta\u00e7\u00e3o de conta. A primeira aula ir\u00e1 abordar o que faz um figurinista, qual a rela\u00e7\u00e3o do figurinista com os demais departamentos (arte, fotografia, som, elenco, etc.), al\u00e9m disso, ser\u00e3o apresentados projetos a partir dos quais ser\u00e3o discutidos os processos de desenvolvimento, decupagem e produ\u00e7\u00e3o de figurino. As aulas seguintes ser\u00e3o dedicadas \u00e0 atividades pr\u00e1ticas. A partir de um roteiro ser\u00e1 escolhida uma personagem. Ap\u00f3s o desenvolvimento do perfil e caracter\u00edsticas da personagem, dar-se-\u00e1 in\u00edcio a um processo de pesquisa e montagem de prancha de refer\u00eancia. Ser\u00e3o discutidas solu\u00e7\u00f5es de constru\u00e7\u00e3o e produ\u00e7\u00e3o dos figurinos. Por fim, os projetos ser\u00e3o apresentados e discutidos coletivamente.<\/p>\n<p>&nbsp;<\/p>\n<p><strong>Diana Moreira<\/strong><\/p>\n<p><img loading=\"lazy\" decoding=\"async\" class=\"alignnone size-medium wp-image-882\" src=\"http:\/\/coisadecinema.com.br\/xv-panorama\/wp-content\/uploads\/2019\/10\/figurino-300x225.jpg\" alt=\"\" width=\"300\" height=\"225\" srcset=\"https:\/\/acervo.coisadecinema.com.br\/xv-panorama\/wp-content\/uploads\/2019\/10\/figurino-300x225.jpg 300w, https:\/\/acervo.coisadecinema.com.br\/xv-panorama\/wp-content\/uploads\/2019\/10\/figurino-768x576.jpg 768w, https:\/\/acervo.coisadecinema.com.br\/xv-panorama\/wp-content\/uploads\/2019\/10\/figurino.jpg 800w\" sizes=\"auto, (max-width: 300px) 100vw, 300px\" \/><\/p>\n<p class=\"p1\">Diana Moreira \u00e9 Figurinista e consultora de Estilo. Graduada em design de Moda. Atuante no mercado desde 2002, realizou projetos em diversas \u00e1reas art\u00edsticas permeando entre o Teatro, Dan\u00e7a, M\u00fasica e Cinema. Nos \u00faltimos anos assinou figurino dos longas &#8220;A Luneta do Tempo\u201d, de Alceu Valen\u00e7a, &#8220;A \u00daltima Esta\u00e7\u00e3o\u201d, de Marcio Cury, &#8220;Abaixo a Gravidade\u201d, de Edgard Navarro, &#8220;Guerra de Algod\u00e3o\u201d, de Cl\u00e1udio Marques e Mar\u00edlia Hughes, da s\u00e9rie &#8220;Francisco S\u00f3 quer Jogar Bola&#8221; de Sofia Federico, &#8220;O \u00faltimo Jogo\u201d, de Roberto Studart, &#8220;Longe do Para\u00edso\u201d, de Orlando Senna, &#8220;Caf\u00e9, P\u00e9pi e Lim\u00e3o\u201d, de Adler Paz e Pedro L\u00e9o e atuou na equipe de figurino da s\u00e9rie &#8220;Vikings&#8221; (Irlanda) por 3 temporadas e no longa &#8220;The Man Who Invented Christma&#8221; (EUA\/Irlanda) de Bharat Nalluri.<\/p>\n","protected":false},"excerpt":{"rendered":"<p>Com Diana Moreira Quando: 30\/10 a 02\/11, de 9h \u00e0s 12h Onde: Local a confirmar Quanto:\u00a0R$ 150,00 (o valor ser\u00e1 cobrado mediante sele\u00e7\u00e3o na oficina \u2013 a inscri\u00e7\u00e3o \u00e9 confirmada mediante pagamento do valor) Inscri\u00e7\u00f5es at\u00e9 21 de outubro de 2019 clicando aqui (http:\/\/coisadecinema.com.br\/panorama-internacional\/oficinas2019\/). &nbsp; Oficina de Figurino visa apresentar ao aluno o caminho percorrido [&hellip;]<\/p>\n","protected":false},"author":1,"featured_media":0,"parent":100,"menu_order":25,"comment_status":"closed","ping_status":"closed","template":"oficina.php","meta":{"_acf_changed":false,"footnotes":""},"class_list":["post-103","page","type-page","status-publish","hentry"],"acf":[],"_links":{"self":[{"href":"https:\/\/acervo.coisadecinema.com.br\/xv-panorama\/wp-json\/wp\/v2\/pages\/103","targetHints":{"allow":["GET"]}}],"collection":[{"href":"https:\/\/acervo.coisadecinema.com.br\/xv-panorama\/wp-json\/wp\/v2\/pages"}],"about":[{"href":"https:\/\/acervo.coisadecinema.com.br\/xv-panorama\/wp-json\/wp\/v2\/types\/page"}],"author":[{"embeddable":true,"href":"https:\/\/acervo.coisadecinema.com.br\/xv-panorama\/wp-json\/wp\/v2\/users\/1"}],"replies":[{"embeddable":true,"href":"https:\/\/acervo.coisadecinema.com.br\/xv-panorama\/wp-json\/wp\/v2\/comments?post=103"}],"version-history":[{"count":6,"href":"https:\/\/acervo.coisadecinema.com.br\/xv-panorama\/wp-json\/wp\/v2\/pages\/103\/revisions"}],"predecessor-version":[{"id":970,"href":"https:\/\/acervo.coisadecinema.com.br\/xv-panorama\/wp-json\/wp\/v2\/pages\/103\/revisions\/970"}],"up":[{"embeddable":true,"href":"https:\/\/acervo.coisadecinema.com.br\/xv-panorama\/wp-json\/wp\/v2\/pages\/100"}],"wp:attachment":[{"href":"https:\/\/acervo.coisadecinema.com.br\/xv-panorama\/wp-json\/wp\/v2\/media?parent=103"}],"curies":[{"name":"wp","href":"https:\/\/api.w.org\/{rel}","templated":true}]}}