{"id":29684,"date":"2024-02-20T17:04:46","date_gmt":"2024-02-20T20:04:46","guid":{"rendered":"https:\/\/panorama.coisadecinema.com.br\/?page_id=29684"},"modified":"2024-03-14T09:42:24","modified_gmt":"2024-03-14T12:42:24","slug":"cine-glauber-rocha-segunda-feira-18-03","status":"publish","type":"page","link":"https:\/\/acervo.coisadecinema.com.br\/xix-panorama\/programacao\/cine-glauber-rocha-segunda-feira-18-03\/","title":{"rendered":"Cine Glauber Rocha &#8211; Segunda-feira &#8211; 18\/03"},"content":{"rendered":"<div class=\"fusion-fullwidth fullwidth-box fusion-builder-row-1 fusion-flex-container has-pattern-background has-mask-background nonhundred-percent-fullwidth non-hundred-percent-height-scrolling\" style=\"--awb-border-radius-top-left:0px;--awb-border-radius-top-right:0px;--awb-border-radius-bottom-right:0px;--awb-border-radius-bottom-left:0px;--awb-padding-top:120px;--awb-padding-right:6%;--awb-padding-bottom:250px;--awb-padding-left:6%;--awb-padding-top-small:120px;--awb-padding-right-small:6%;--awb-padding-left-small:6%;--awb-background-color:var(--awb-color5);--awb-flex-wrap:wrap;\" ><div class=\"fusion-builder-row fusion-row fusion-flex-align-items-flex-start fusion-flex-justify-content-space-between fusion-flex-content-wrap\" style=\"max-width:1248px;margin-left: calc(-4% \/ 2 );margin-right: calc(-4% \/ 2 );\"><div class=\"fusion-layout-column fusion_builder_column fusion-builder-column-0 fusion_builder_column_1_1 1_1 fusion-flex-column\" style=\"--awb-bg-blend:overlay;--awb-bg-size:cover;--awb-width-large:100%;--awb-margin-top-large:0px;--awb-spacing-right-large:1.92%;--awb-margin-bottom-large:0px;--awb-spacing-left-large:1.92%;--awb-width-medium:100%;--awb-spacing-right-medium:1.92%;--awb-spacing-left-medium:1.92%;--awb-width-small:100%;--awb-spacing-right-small:1.92%;--awb-spacing-left-small:1.92%;\"><div class=\"fusion-column-wrapper fusion-flex-justify-content-flex-start fusion-content-layout-column\"><div class=\"fusion-title title fusion-title-1 fusion-sep-none fusion-title-text fusion-title-size-one\" style=\"--awb-margin-bottom:20px;\"><h1 class=\"fusion-title-heading title-heading-left\" style=\"margin:0;\">Cine Glauber Rocha &#8211; Segunda-feira &#8211; 18\/03<\/h1><\/div><\/div><\/div><div class=\"fusion-layout-column fusion_builder_column fusion-builder-column-1 fusion_builder_column_1_1 1_1 fusion-flex-column\" style=\"--awb-bg-size:cover;--awb-width-large:100%;--awb-margin-top-large:0px;--awb-spacing-right-large:1.92%;--awb-margin-bottom-large:0px;--awb-spacing-left-large:1.92%;--awb-width-medium:100%;--awb-order-medium:0;--awb-spacing-right-medium:1.92%;--awb-spacing-left-medium:1.92%;--awb-width-small:100%;--awb-order-small:0;--awb-spacing-right-small:1.92%;--awb-spacing-left-small:1.92%;\"><div class=\"fusion-column-wrapper fusion-column-has-shadow fusion-flex-justify-content-flex-start fusion-content-layout-column\"><div class=\"fusion-title title fusion-title-2 fusion-sep-none fusion-title-text fusion-title-size-three\" style=\"--awb-margin-bottom:10px;--awb-font-size:22px;\"><h3 class=\"fusion-title-heading title-heading-left\" style=\"font-family:&quot;Open Sans&quot;;font-style:normal;font-weight:700;margin:0;font-size:1em;\">13h00 \u2013 Competitiva Internacional IV &#8211; Sala 3<\/h3><\/div><div class=\"fusion-text fusion-text-1\"><p><b>De Volta (Back)<\/b>, de Yazan Rabee. Holanda, 8&#8242;, Cor, 2022<br \/>\n<b>48 Horas (48 Hours)<\/b>, de Azadeh Moussavi. Ir\u00e3, 20&#8242;, Cor, 2022<br \/>\n<b>O Espectro do Boko Haram (Le Spectre de Boko Haram)<\/b>, de Cyrielle Raingou. Camar\u00f5es\/Fran\u00e7a, 76&#8242;, Cor, 2023<\/p>\n<\/div><div class=\"fusion-title title fusion-title-3 fusion-sep-none fusion-title-text fusion-title-size-three\" style=\"--awb-margin-bottom:10px;--awb-font-size:22px;\"><h3 class=\"fusion-title-heading title-heading-left\" style=\"font-family:&quot;Open Sans&quot;;font-style:normal;font-weight:700;margin:0;font-size:1em;\">13h20 &#8211; Competitiva Baiana V &#8211; Sala 2<\/h3><\/div><div class=\"fusion-text fusion-text-2\"><p><b>Todos os Olhos<\/b>, de Wayner Trist\u00e3o. BA, 4&#8242;, Cor, 2023<br \/>\n<b>Cobaias Habitam Meu Sonho<\/b>, de Ramon Coutinho. BA, 19&#8242;, Cor, 2023<br \/>\n<b>Camaleoa<\/b>, de Eduardo Tosta. BA, 20&#8242;, Cor, 2023<br \/>\n<b>Por que N\u00e3o Ensinaram Bixas Pretas a Amar?<\/b>, de Juan Rodrigues. BA, 17&#8242;, Cor, 2023<br \/>\n<b>A Fa\u00edsca<\/b>, de Gabriela Monteiro. BA, 19&#8242;, Cor, 2023<br \/>\n<b>56 Dias<\/b>, de Lara Carvalho. BA, 34&#8242;, Cor, 2024<\/p>\n<\/div><div class=\"fusion-title title fusion-title-4 fusion-sep-none fusion-title-text fusion-title-size-three\" style=\"--awb-margin-bottom:10px;--awb-font-size:22px;\"><h3 class=\"fusion-title-heading title-heading-left\" style=\"font-family:&quot;Open Sans&quot;;font-style:normal;font-weight:700;margin:0;font-size:1em;\">13h30 \u2013 Panorama Brasil IV &#8211; Sala 1<\/h3><\/div><div class=\"fusion-text fusion-text-3\"><p><b>Ciranda Feiticeira<\/b>, de Lula Gonzaga e Tiago Del\u00e1cio. PE, 8&#8242;, Cor, 2023<br \/>\n<b>As Lavadeiras do Rio Acara\u00fa Transformam a Embarca\u00e7\u00e3o em Nave de Condu\u00e7\u00e3o<\/b>, de kulumym-a\u00e7u. CE, 13&#8242;, Cor, 2022<br \/>\n<b>Toda Menina Baiana<\/b>, de Cec\u00edlia Amado. BA, 25&#8242;, Cor, 2022<br \/>\n<b>Lilith<\/b>, de Nayane Nayse. PE, 15&#8242;, Cor, 2022<br \/>\n<b>Me Enxergo Quando Te Vejo<\/b>, de Guillermo Alves e Michelle Brito. SP, 19&#8242;, Cor, 2022<br \/>\n<i>* Sess\u00e3o do programa A Escola vai ao Cinema.<\/i><\/p>\n<\/div><div class=\"fusion-title title fusion-title-5 fusion-sep-none fusion-title-text fusion-title-size-three\" style=\"--awb-margin-bottom:10px;--awb-font-size:22px;\"><h3 class=\"fusion-title-heading title-heading-left\" style=\"font-family:&quot;Open Sans&quot;;font-style:normal;font-weight:700;margin:0;font-size:1em;\">15h00 \u2013 Encontros e Debates X &#8211; Sala 4<\/h3><\/div><div class=\"fusion-text fusion-text-4\"><p><b>A For\u00e7a das associa\u00e7\u00f5es independentes frente \u00e0s pol\u00edticas governamentais<\/b>, com Gabriel Pires (CONE \u2013 Conex\u00e3o Audiovisual Centro-Oeste, Norte, Nordeste), Raquel Valadares (API \u2013 Associa\u00e7\u00e3o das Produtoras Independentes do Audiovisual Brasileiro), Marcello Benedictis (APC \u2013 Associa\u00e7\u00f5es de Produtores e Cineastas da Bahia), V\u00e2nia Lima (BRAVI \u2013 Brasil Audiovisual Independente), Daniel Leite Almeida (SASB -Associa\u00e7\u00e3o do Setor Audiovisual do Sudoeste Baiano)<br \/>\n<strong>Mediadora:<\/strong> Keyti Souza (APAN \u2013 Associa\u00e7\u00e3o de Profissionais do Audiovisual Negro)<br \/>\n<i><span style=\"color: var(--awb-text-color); font-family: var(--awb-text-font-family); font-size: var(--awb-font-size); font-weight: var(--awb-text-font-weight); letter-spacing: var(--awb-letter-spacing); text-align: var(--awb-content-alignment); text-transform: var(--awb-text-transform); background-color: var(--awb-bg-color-hover);\">* Entrada gratuita<br \/>\n<\/span><span style=\"color: var(--awb-text-color); font-family: var(--awb-text-font-family); font-size: var(--awb-font-size); font-weight: var(--awb-text-font-weight); letter-spacing: var(--awb-letter-spacing); text-align: var(--awb-content-alignment); text-transform: var(--awb-text-transform); background-color: var(--awb-bg-color);\">** Com int\u00e9rprete e tradutor em Libras.<\/span><\/i><\/p>\n<\/div><div class=\"fusion-title title fusion-title-6 fusion-sep-none fusion-title-text fusion-title-size-three\" style=\"--awb-margin-bottom:10px;--awb-font-size:22px;\"><h3 class=\"fusion-title-heading title-heading-left\" style=\"font-family:&quot;Open Sans&quot;;font-style:normal;font-weight:700;margin:0;font-size:1em;\">15h05 \u2013 Panorama Brasil VII &#8211; Sala 1<\/h3><\/div><div class=\"fusion-text fusion-text-5\"><p><b>Assexybilidade<\/b>, de Daniel Gon\u00e7alves. RJ, 86&#8242;, Cor, 2023<br \/>\n<i>*Sess\u00e3o com Legendagem Descritiva aberta e Audiodescri\u00e7\u00e3o e Libras atrav\u00e9s do aplicativo Movie Reading.<\/i><\/p>\n<\/div><div class=\"fusion-title title fusion-title-7 fusion-sep-none fusion-title-text fusion-title-size-three\" style=\"--awb-margin-bottom:10px;--awb-font-size:22px;\"><h3 class=\"fusion-title-heading title-heading-left\" style=\"font-family:&quot;Open Sans&quot;;font-style:normal;font-weight:700;margin:0;font-size:1em;\">15h05 \u2013 Panorama Brasil XII &#8211; Sala 3<\/h3><\/div><div class=\"fusion-text fusion-text-6\"><p><b>Rumo<\/b>, de Bruno Victor e Marcus Azevedo. DF, 74&#8242;, Cor, 2022<br \/>\n<i>* Sess\u00e3o do programa A Escola vai ao Cinema.<\/i><\/p>\n<\/div><div class=\"fusion-title title fusion-title-8 fusion-sep-none fusion-title-text fusion-title-size-three\" style=\"--awb-margin-bottom:10px;--awb-font-size:22px;\"><h3 class=\"fusion-title-heading title-heading-left\" style=\"font-family:&quot;Open Sans&quot;;font-style:normal;font-weight:700;margin:0;font-size:1em;\">15h30 \u2013 Competitiva Baiana VI &#8211; Sala 2<\/h3><\/div><div class=\"fusion-text fusion-text-7\"><p><b>O Tratado do V\u00e3o Combate ou A Pequena Hist\u00f3ria de uma Bixinha Qualquer<\/b>, de M\u00e1rcio Janu\u00e1rio e Henrique Drebes. BA, 14&#8242;, Cor, 2023<br \/>\n<b>Desamarras<\/b>, de Ianca Oliveira. BA, 5&#8242;, Cor, 2023<br \/>\n<b>Caluim<\/b>, de Marcos Alexandre. BA, 11&#8242;, Cor, 2023<br \/>\n<b>Di\u00e1rio da Primavera<\/b>, Fab\u00edola Aquino e Juliano de Paula Santos. BA, 85&#8242;, Cor, 2023<\/p>\n<\/div><div class=\"fusion-title title fusion-title-9 fusion-sep-none fusion-title-text fusion-title-size-three\" style=\"--awb-margin-bottom:10px;--awb-font-size:22px;\"><h3 class=\"fusion-title-heading title-heading-left\" style=\"font-family:&quot;Open Sans&quot;;font-style:normal;font-weight:700;margin:0;font-size:1em;\">16h35 \u2013 Competitiva Nacional II &#8211; Sala 1<\/h3><\/div><div class=\"fusion-text fusion-text-8\"><p><b>Cassino<\/b>, de Gianluca Cozza. RS, 22&#8242;, Cor, 2024<br \/>\n<b>O Cavalo de Pedro<\/b>, de Daniel Nolasco. RJ, 24&#8242;, Cor, 2023<br \/>\n<b>Eros<\/b>, de Rachel Daisy Ellis. PE, 108&#8242;, Cor, 2024<\/p>\n<\/div><div class=\"fusion-title title fusion-title-10 fusion-sep-none fusion-title-text fusion-title-size-three\" style=\"--awb-margin-bottom:10px;--awb-font-size:22px;\"><h3 class=\"fusion-title-heading title-heading-left\" style=\"font-family:&quot;Open Sans&quot;;font-style:normal;font-weight:700;margin:0;font-size:1em;\">16h45 \u2013 Panorama Brasil XIII &#8211; Sala 3<\/h3><\/div><div class=\"fusion-text fusion-text-9\"><p><b>A Vida \u00e9 da Cor que Pintamos<\/b>, de Jorge Alfredo Guimar\u00e3es e Candida-Luz Liberato. BA, 93&#8242;, Cor, 2023<br \/>\n<i>Debate ap\u00f3s a sess\u00e3o.<\/i><\/p>\n<\/div><div class=\"fusion-title title fusion-title-11 fusion-sep-none fusion-title-text fusion-title-size-three\" style=\"--awb-margin-bottom:10px;--awb-font-size:22px;\"><h3 class=\"fusion-title-heading title-heading-left\" style=\"font-family:&quot;Open Sans&quot;;font-style:normal;font-weight:700;margin:0;font-size:1em;\">17h40 \u2013 Panorama Brasil XIV &#8211; Sala 2<\/h3><\/div><div class=\"fusion-text fusion-text-10\"><p><b>Ij\u00f3 Dudu, Mem\u00f3rias da Dan\u00e7a Negra na Bahia<\/b>, de Jos\u00e9 Carlos Arandiba \u201cZebrinha\u201d. BA, 82&#8242;, Cor, 2022<br \/>\n<i>Debate ap\u00f3s a sess\u00e3o.<\/i><\/p>\n<\/div><div class=\"fusion-title title fusion-title-12 fusion-sep-none fusion-title-text fusion-title-size-three\" style=\"--awb-margin-bottom:10px;--awb-font-size:22px;\"><h3 class=\"fusion-title-heading title-heading-left\" style=\"font-family:&quot;Open Sans&quot;;font-style:normal;font-weight:700;margin:0;font-size:1em;\">19h15 \u2013 Competitiva Internacional V &#8211; Sala 3<\/h3><\/div><div class=\"fusion-text fusion-text-11\"><p><b>Os Nadadores (Los Nadadores)<\/b>, de Charlie L\u00f3pez. Costa Rica, 13&#8242;, Cor, 2022<br \/>\n<b>A \u00c1rvore Frut\u00edfera (The Fruit Tree)<\/b>, de Isabelle Tollenaere. B\u00e9lgica, 15&#8242;, Cor, 2022<br \/>\n<b>Astrac\u00e3 79 (Astrakan 79)<\/b>, de Catarina Mour\u00e3o. Portugal, 64&#8242;, Cor, 2023<\/p>\n<\/div><div class=\"fusion-title title fusion-title-13 fusion-sep-none fusion-title-text fusion-title-size-three\" style=\"--awb-margin-bottom:10px;--awb-font-size:22px;\"><h3 class=\"fusion-title-heading title-heading-left\" style=\"font-family:&quot;Open Sans&quot;;font-style:normal;font-weight:700;margin:0;font-size:1em;\">19h25 \u2013 Competitiva Nacional VII &#8211; Sala 1<\/h3><\/div><div class=\"fusion-text fusion-text-12\"><p><b>Jussara<\/b>, de Camila Cordeiro Ribeiro. BA, 9&#8242;, Cor, 2023<br \/>\n<b>Thu\u00eb pihi kuuwi &#8211; Uma Mulher Pensando<\/b>, de Aida Harika Yanomami, Edmar Tokorino Yanomami e Roseane Yariana Yanomami. RR, 10&#8242;, Cor, 2023<br \/>\n<b>A Flor do Buriti<\/b>, de Jo\u00e3o Salaviza e Ren\u00e9e Nader Messora. Portugal\/Brasil, 125&#8242;, Cor, 2023<br \/>\n<i>Debate ap\u00f3s a sess\u00e3o.<\/i><\/p>\n<\/div><div class=\"fusion-title title fusion-title-14 fusion-sep-none fusion-title-text fusion-title-size-three\" style=\"--awb-margin-bottom:10px;--awb-font-size:22px;\"><h3 class=\"fusion-title-heading title-heading-left\" style=\"font-family:&quot;Open Sans&quot;;font-style:normal;font-weight:700;margin:0;font-size:1em;\">20h00 \u2013 Competitiva Baiana VII &#8211; Sala 2<\/h3><\/div><div class=\"fusion-text fusion-text-13\"><p><b>\u00c9 d\u2019Oxum: A For\u00e7a que Mora N&#8217;\u00e1gua<\/b>, de Dayane Sena. BA, 27&#8242;, Cor, 2022<br \/>\n<b>Curacanga<\/b>, de Mateus Di Mambro. BA, 18&#8242;, Cor, 2023<br \/>\n<b>No Rastro do Pe\u0301 de Bode<\/b>, de Marcelo Rabelo. BA, 60&#8242;, Cor, 2023<br \/>\n<i>Debate ap\u00f3s a sess\u00e3o.<\/i><\/p>\n<\/div><div class=\"fusion-title title fusion-title-15 fusion-sep-none fusion-title-text fusion-title-size-three\" style=\"--awb-margin-bottom:10px;--awb-font-size:22px;\"><h3 class=\"fusion-title-heading title-heading-left\" style=\"font-family:&quot;Open Sans&quot;;font-style:normal;font-weight:700;margin:0;font-size:1em;\">21h00 \u2013 Mostra KAOGUIAMO (Cinemas de Cabo Verde, Guin\u00e9-Bissau, Angola e Mo\u00e7ambique) III &#8211; Sala 3<\/h3><\/div><div class=\"fusion-text fusion-text-14\"><p><b>Bidon: Na\u00e7\u00e3o Ilh\u00e9u<\/b>, de Celeste Fortes e Edson Silva. Cabo Verde, 52&#8242;, Cor, 2019<br \/>\n<b>A Love Story About Power &#8211; Pr\u00f3logo<\/b>, de Ery Claver. Angola, 6&#8242;, Cor, 2019<br \/>\n<b>A Luz No Quarto Era Vermelha Porque N\u00e3o Existia Amor<\/b>, de Ery Claver. Angola, 10&#8242;, Cor, 2016<br \/>\n<b>ENO\u0301QUIO: Que N\u00e3o Tinha Cora\u00e7\u00e3o<\/b>, de Ery Claver e Evan Claver. Angola, 6&#8242;. Cor, 2020<br \/>\n<b>H\u00e1 um Zumbido, H\u00e1 um Mosquito, S\u00e3o Dois<\/b>, de Ery Claver. Angola, 8&#8242;, Cor, 2017<br \/>\n<b>A Voz De Um Pincel<\/b>, de Douglas Condzo. Mo\u00e7ambique, 5&#8242;, Cor, 2019<br \/>\n<b>Menino Kokry<\/b>, de Pap\u00e9 di nha Ra\u00e7a. Guin\u00e9-Bissau, 6&#8242;, Cor, 2022<br \/>\n<b>Xidzedze<\/b>, de Wilford Machili. Mo\u00e7ambique, 5&#8242;, Cor, 2019<br \/>\n<b>Curtas do concurso &#8220;Oi\u00e1 1 Minut&#8221;<\/b>. Cabo Verde, 18&#8242;, Cor, 2023<\/p>\n<\/div><\/div><\/div><\/div><\/div>\n","protected":false},"excerpt":{"rendered":"","protected":false},"author":607,"featured_media":0,"parent":182,"menu_order":0,"comment_status":"closed","ping_status":"closed","template":"100-width.php","meta":{"_acf_changed":false,"footnotes":""},"class_list":["post-29684","page","type-page","status-publish","hentry"],"acf":[],"yoast_head":"<!-- This site is optimized with the Yoast SEO plugin v25.7 - https:\/\/yoast.com\/wordpress\/plugins\/seo\/ -->\n<title>Cine Glauber Rocha - Segunda-feira - 18\/03 - XIX Panorama Internacional Coisa de Cinema<\/title>\n<meta name=\"robots\" content=\"index, follow, max-snippet:-1, max-image-preview:large, max-video-preview:-1\" \/>\n<link rel=\"canonical\" href=\"https:\/\/acervo.coisadecinema.com.br\/xix-panorama\/programacao\/cine-glauber-rocha-segunda-feira-18-03\/\" \/>\n<meta property=\"og:locale\" content=\"pt_BR\" \/>\n<meta property=\"og:type\" content=\"article\" \/>\n<meta property=\"og:title\" content=\"Cine Glauber Rocha - Segunda-feira - 18\/03 - XIX Panorama Internacional Coisa de Cinema\" \/>\n<meta property=\"og:url\" content=\"https:\/\/acervo.coisadecinema.com.br\/xix-panorama\/programacao\/cine-glauber-rocha-segunda-feira-18-03\/\" \/>\n<meta property=\"og:site_name\" content=\"XIX Panorama Internacional Coisa de Cinema\" \/>\n<meta property=\"article:modified_time\" content=\"2024-03-14T12:42:24+00:00\" \/>\n<meta property=\"og:image\" content=\"https:\/\/acervo.coisadecinema.com.br\/xix-panorama\/wp-content\/uploads\/2024\/02\/site-2100x900-1.webp\" \/>\n\t<meta property=\"og:image:width\" content=\"2100\" \/>\n\t<meta property=\"og:image:height\" content=\"900\" \/>\n\t<meta property=\"og:image:type\" content=\"image\/webp\" \/>\n<meta name=\"twitter:card\" content=\"summary_large_image\" \/>\n<meta name=\"twitter:label1\" content=\"Est. tempo de leitura\" \/>\n\t<meta name=\"twitter:data1\" content=\"5 minutos\" \/>\n<script type=\"application\/ld+json\" class=\"yoast-schema-graph\">{\"@context\":\"https:\/\/schema.org\",\"@graph\":[{\"@type\":\"WebPage\",\"@id\":\"https:\/\/acervo.coisadecinema.com.br\/xix-panorama\/programacao\/cine-glauber-rocha-segunda-feira-18-03\/\",\"url\":\"https:\/\/acervo.coisadecinema.com.br\/xix-panorama\/programacao\/cine-glauber-rocha-segunda-feira-18-03\/\",\"name\":\"Cine Glauber Rocha - Segunda-feira - 18\/03 - XIX Panorama Internacional Coisa de Cinema\",\"isPartOf\":{\"@id\":\"https:\/\/acervo.coisadecinema.com.br\/xix-panorama\/#website\"},\"datePublished\":\"2024-02-20T20:04:46+00:00\",\"dateModified\":\"2024-03-14T12:42:24+00:00\",\"breadcrumb\":{\"@id\":\"https:\/\/acervo.coisadecinema.com.br\/xix-panorama\/programacao\/cine-glauber-rocha-segunda-feira-18-03\/#breadcrumb\"},\"inLanguage\":\"pt-BR\",\"potentialAction\":[{\"@type\":\"ReadAction\",\"target\":[\"https:\/\/acervo.coisadecinema.com.br\/xix-panorama\/programacao\/cine-glauber-rocha-segunda-feira-18-03\/\"]}]},{\"@type\":\"BreadcrumbList\",\"@id\":\"https:\/\/acervo.coisadecinema.com.br\/xix-panorama\/programacao\/cine-glauber-rocha-segunda-feira-18-03\/#breadcrumb\",\"itemListElement\":[{\"@type\":\"ListItem\",\"position\":1,\"name\":\"In\u00edcio\",\"item\":\"https:\/\/acervo.coisadecinema.com.br\/xix-panorama\/\"},{\"@type\":\"ListItem\",\"position\":2,\"name\":\"Programa\u00e7\u00e3o\",\"item\":\"https:\/\/acervo.coisadecinema.com.br\/xix-panorama\/programacao\/\"},{\"@type\":\"ListItem\",\"position\":3,\"name\":\"Cine Glauber Rocha &#8211; Segunda-feira &#8211; 18\/03\"}]},{\"@type\":\"WebSite\",\"@id\":\"https:\/\/acervo.coisadecinema.com.br\/xix-panorama\/#website\",\"url\":\"https:\/\/acervo.coisadecinema.com.br\/xix-panorama\/\",\"name\":\"XIX Panorama Internacional Coisa de Cinema\",\"description\":\"\",\"publisher\":{\"@id\":\"https:\/\/acervo.coisadecinema.com.br\/xix-panorama\/#organization\"},\"alternateName\":\"XIX Panorama Internacional Coisa de Cinema\",\"potentialAction\":[{\"@type\":\"SearchAction\",\"target\":{\"@type\":\"EntryPoint\",\"urlTemplate\":\"https:\/\/acervo.coisadecinema.com.br\/xix-panorama\/?s={search_term_string}\"},\"query-input\":{\"@type\":\"PropertyValueSpecification\",\"valueRequired\":true,\"valueName\":\"search_term_string\"}}],\"inLanguage\":\"pt-BR\"},{\"@type\":\"Organization\",\"@id\":\"https:\/\/acervo.coisadecinema.com.br\/xix-panorama\/#organization\",\"name\":\"XIX Panorama Internacional Coisa de Cinema\",\"url\":\"https:\/\/acervo.coisadecinema.com.br\/xix-panorama\/\",\"logo\":{\"@type\":\"ImageObject\",\"inLanguage\":\"pt-BR\",\"@id\":\"https:\/\/acervo.coisadecinema.com.br\/xix-panorama\/#\/schema\/logo\/image\/\",\"url\":\"https:\/\/panorama.coisadecinema.com.br\/wp-content\/uploads\/2022\/08\/logo-panoramaxix-2024-pos-LO.webp\",\"contentUrl\":\"https:\/\/panorama.coisadecinema.com.br\/wp-content\/uploads\/2022\/08\/logo-panoramaxix-2024-pos-LO.webp\",\"width\":600,\"height\":161,\"caption\":\"XIX Panorama Internacional Coisa de Cinema\"},\"image\":{\"@id\":\"https:\/\/acervo.coisadecinema.com.br\/xix-panorama\/#\/schema\/logo\/image\/\"}}]}<\/script>\n<!-- \/ Yoast SEO plugin. -->","yoast_head_json":{"title":"Cine Glauber Rocha - Segunda-feira - 18\/03 - XIX Panorama Internacional Coisa de Cinema","robots":{"index":"index","follow":"follow","max-snippet":"max-snippet:-1","max-image-preview":"max-image-preview:large","max-video-preview":"max-video-preview:-1"},"canonical":"https:\/\/acervo.coisadecinema.com.br\/xix-panorama\/programacao\/cine-glauber-rocha-segunda-feira-18-03\/","og_locale":"pt_BR","og_type":"article","og_title":"Cine Glauber Rocha - Segunda-feira - 18\/03 - XIX Panorama Internacional Coisa de Cinema","og_url":"https:\/\/acervo.coisadecinema.com.br\/xix-panorama\/programacao\/cine-glauber-rocha-segunda-feira-18-03\/","og_site_name":"XIX Panorama Internacional Coisa de Cinema","article_modified_time":"2024-03-14T12:42:24+00:00","og_image":[{"width":2100,"height":900,"url":"https:\/\/acervo.coisadecinema.com.br\/xix-panorama\/wp-content\/uploads\/2024\/02\/site-2100x900-1.webp","type":"image\/webp"}],"twitter_card":"summary_large_image","twitter_misc":{"Est. tempo de leitura":"5 minutos"},"schema":{"@context":"https:\/\/schema.org","@graph":[{"@type":"WebPage","@id":"https:\/\/acervo.coisadecinema.com.br\/xix-panorama\/programacao\/cine-glauber-rocha-segunda-feira-18-03\/","url":"https:\/\/acervo.coisadecinema.com.br\/xix-panorama\/programacao\/cine-glauber-rocha-segunda-feira-18-03\/","name":"Cine Glauber Rocha - Segunda-feira - 18\/03 - XIX Panorama Internacional Coisa de Cinema","isPartOf":{"@id":"https:\/\/acervo.coisadecinema.com.br\/xix-panorama\/#website"},"datePublished":"2024-02-20T20:04:46+00:00","dateModified":"2024-03-14T12:42:24+00:00","breadcrumb":{"@id":"https:\/\/acervo.coisadecinema.com.br\/xix-panorama\/programacao\/cine-glauber-rocha-segunda-feira-18-03\/#breadcrumb"},"inLanguage":"pt-BR","potentialAction":[{"@type":"ReadAction","target":["https:\/\/acervo.coisadecinema.com.br\/xix-panorama\/programacao\/cine-glauber-rocha-segunda-feira-18-03\/"]}]},{"@type":"BreadcrumbList","@id":"https:\/\/acervo.coisadecinema.com.br\/xix-panorama\/programacao\/cine-glauber-rocha-segunda-feira-18-03\/#breadcrumb","itemListElement":[{"@type":"ListItem","position":1,"name":"In\u00edcio","item":"https:\/\/acervo.coisadecinema.com.br\/xix-panorama\/"},{"@type":"ListItem","position":2,"name":"Programa\u00e7\u00e3o","item":"https:\/\/acervo.coisadecinema.com.br\/xix-panorama\/programacao\/"},{"@type":"ListItem","position":3,"name":"Cine Glauber Rocha &#8211; Segunda-feira &#8211; 18\/03"}]},{"@type":"WebSite","@id":"https:\/\/acervo.coisadecinema.com.br\/xix-panorama\/#website","url":"https:\/\/acervo.coisadecinema.com.br\/xix-panorama\/","name":"XIX Panorama Internacional Coisa de Cinema","description":"","publisher":{"@id":"https:\/\/acervo.coisadecinema.com.br\/xix-panorama\/#organization"},"alternateName":"XIX Panorama Internacional Coisa de Cinema","potentialAction":[{"@type":"SearchAction","target":{"@type":"EntryPoint","urlTemplate":"https:\/\/acervo.coisadecinema.com.br\/xix-panorama\/?s={search_term_string}"},"query-input":{"@type":"PropertyValueSpecification","valueRequired":true,"valueName":"search_term_string"}}],"inLanguage":"pt-BR"},{"@type":"Organization","@id":"https:\/\/acervo.coisadecinema.com.br\/xix-panorama\/#organization","name":"XIX Panorama Internacional Coisa de Cinema","url":"https:\/\/acervo.coisadecinema.com.br\/xix-panorama\/","logo":{"@type":"ImageObject","inLanguage":"pt-BR","@id":"https:\/\/acervo.coisadecinema.com.br\/xix-panorama\/#\/schema\/logo\/image\/","url":"https:\/\/panorama.coisadecinema.com.br\/wp-content\/uploads\/2022\/08\/logo-panoramaxix-2024-pos-LO.webp","contentUrl":"https:\/\/panorama.coisadecinema.com.br\/wp-content\/uploads\/2022\/08\/logo-panoramaxix-2024-pos-LO.webp","width":600,"height":161,"caption":"XIX Panorama Internacional Coisa de Cinema"},"image":{"@id":"https:\/\/acervo.coisadecinema.com.br\/xix-panorama\/#\/schema\/logo\/image\/"}}]}},"_links":{"self":[{"href":"https:\/\/acervo.coisadecinema.com.br\/xix-panorama\/wp-json\/wp\/v2\/pages\/29684","targetHints":{"allow":["GET"]}}],"collection":[{"href":"https:\/\/acervo.coisadecinema.com.br\/xix-panorama\/wp-json\/wp\/v2\/pages"}],"about":[{"href":"https:\/\/acervo.coisadecinema.com.br\/xix-panorama\/wp-json\/wp\/v2\/types\/page"}],"author":[{"embeddable":true,"href":"https:\/\/acervo.coisadecinema.com.br\/xix-panorama\/wp-json\/wp\/v2\/users\/607"}],"replies":[{"embeddable":true,"href":"https:\/\/acervo.coisadecinema.com.br\/xix-panorama\/wp-json\/wp\/v2\/comments?post=29684"}],"version-history":[{"count":20,"href":"https:\/\/acervo.coisadecinema.com.br\/xix-panorama\/wp-json\/wp\/v2\/pages\/29684\/revisions"}],"predecessor-version":[{"id":31146,"href":"https:\/\/acervo.coisadecinema.com.br\/xix-panorama\/wp-json\/wp\/v2\/pages\/29684\/revisions\/31146"}],"up":[{"embeddable":true,"href":"https:\/\/acervo.coisadecinema.com.br\/xix-panorama\/wp-json\/wp\/v2\/pages\/182"}],"wp:attachment":[{"href":"https:\/\/acervo.coisadecinema.com.br\/xix-panorama\/wp-json\/wp\/v2\/media?parent=29684"}],"curies":[{"name":"wp","href":"https:\/\/api.w.org\/{rel}","templated":true}]}}