{"id":1150,"date":"2021-02-20T19:16:52","date_gmt":"2021-02-20T22:16:52","guid":{"rendered":"https:\/\/xvi-woocommerce-663936-2221788.cloudwaysapps.com\/?page_id=1150"},"modified":"2024-03-14T12:32:30","modified_gmt":"2024-03-14T15:32:30","slug":"equipe","status":"publish","type":"page","link":"https:\/\/acervo.coisadecinema.com.br\/xix-panorama\/o-festival\/equipe\/","title":{"rendered":"Equipe"},"content":{"rendered":"<div class=\"fusion-fullwidth fullwidth-box fusion-builder-row-1 fusion-flex-container fusion-parallax-none hundred-percent-fullwidth non-hundred-percent-height-scrolling lazyload\" style=\"--awb-background-position:center top;--awb-border-radius-top-left:0px;--awb-border-radius-top-right:0px;--awb-border-radius-bottom-right:0px;--awb-border-radius-bottom-left:0px;--awb-padding-top:150px;--awb-padding-right:12%;--awb-padding-bottom:250px;--awb-padding-left:12%;--awb-padding-top-small:120px;--awb-padding-right-small:6%;--awb-padding-bottom-small:60px;--awb-padding-left-small:6%;--awb-margin-top-small:0px;--awb-background-color:var(--awb-custom_color_2);--awb-background-image:linear-gradient(180deg, rgba(255,255,255,0) 0%,var(--awb-color5) 46%);;--awb-background-size:cover;--awb-flex-wrap:wrap;\" data-bg=\"https:\/\/panorama.coisadecinema.com.br\/wp-content\/uploads\/2024\/02\/bg-textura-pagina.jpg\" data-bg-gradient=\"linear-gradient(180deg, rgba(255,255,255,0) 0%,var(--awb-color5) 46%)\" ><div class=\"fusion-builder-row fusion-row fusion-flex-align-items-flex-start fusion-flex-content-wrap\" style=\"width:104% !important;max-width:104% !important;margin-left: calc(-4% \/ 2 );margin-right: calc(-4% \/ 2 );\"><div class=\"fusion-layout-column fusion_builder_column fusion-builder-column-0 fusion_builder_column_1_1 1_1 fusion-flex-column\" style=\"--awb-bg-blend:overlay;--awb-bg-size:cover;--awb-width-large:100%;--awb-margin-top-large:0px;--awb-spacing-right-large:1.92%;--awb-margin-bottom-large:0px;--awb-spacing-left-large:1.92%;--awb-width-medium:100%;--awb-spacing-right-medium:1.92%;--awb-spacing-left-medium:1.92%;--awb-width-small:100%;--awb-spacing-right-small:1.92%;--awb-spacing-left-small:1.92%;\"><div class=\"fusion-column-wrapper fusion-flex-justify-content-flex-start fusion-content-layout-column\"><div class=\"fusion-title title fusion-title-1 fusion-sep-none fusion-title-text fusion-title-size-one\" style=\"--awb-margin-bottom:40px;--awb-margin-bottom-small:30px;\"><h1 class=\"fusion-title-heading title-heading-left\" style=\"margin:0;\">Equipe<\/h1><\/div><div class=\"fusion-text fusion-text-1 awb-text-cols fusion-text-columns-3\" style=\"--awb-columns:3;--awb-column-spacing:2em;--awb-column-min-width:100px;\"><p><i>Coordena\u00e7\u00e3o Geral<\/i><br \/>\n<b>Cl\u00e1udio Marques <\/b><\/p>\n<p><i>Coordena\u00e7\u00e3o Geral de Produ\u00e7\u00e3o<\/i><br \/>\n<b>Mar\u00edlia Hughes<\/b><\/p>\n<p><span style=\"font-weight: 400;\"><em>Dire\u00e7\u00e3o de Produ\u00e7\u00e3o<\/em> <\/span><br \/>\n<span style=\"font-weight: 400;\"><strong>Nataly Pinho<\/strong> <\/span><\/p>\n<p><span style=\"font-weight: 400;\"><em>Produtora Assistente<\/em> <\/span><br \/>\n<span style=\"font-weight: 400;\"><strong>Diana Reis <\/strong><\/span><\/p>\n<p><span style=\"font-weight: 400;\"><em>Tr\u00e1fego de Filmes<\/em> <\/span><br \/>\n<span style=\"font-weight: 400;\"><strong>Mar\u00edlia Carneiro<\/strong><\/span><\/p>\n<p><span style=\"font-weight: 400;\"><em>Programa\u00e7\u00e3o<\/em><br \/>\n<strong>Rafael Saraiva<\/strong><\/span><\/p>\n<p><span style=\"font-weight: 400;\"><em>Produ\u00e7\u00e3o de Base<\/em><br \/>\n<strong>Ailla Melo<\/strong><\/span><\/p>\n<p><span style=\"font-weight: 400;\"><em>Produ\u00e7\u00e3o Receptivo<\/em><br \/>\n<strong>Saliha Rachid<\/strong><br \/>\n<\/span><\/p>\n<p><span style=\"font-weight: 400;\"><em>Produ\u00e7\u00e3o Mobiliza\u00e7\u00e3o<\/em><br \/>\n<strong>Tiago Zanette<\/strong><\/span><\/p>\n<p><span style=\"font-weight: 400;\"><em>Produ\u00e7\u00e3o Acessibilidade<\/em><br \/>\n<strong>Jurema Cruz Alves<\/strong><\/span><\/p>\n<p><span style=\"font-weight: 400;\"><em>Produ\u00e7\u00e3o Panorama no Terra\u00e7o<\/em><br \/>\n<strong>Ailla Melo, Nataly Pinho e Mar\u00edlia Hughes<\/strong><\/span><\/p>\n<p><span style=\"font-weight: 400;\"><em>Produ\u00e7\u00e3o PANLAB<\/em><br \/>\n<strong>Diana Reis<\/strong><\/span><\/p>\n<p><span style=\"font-weight: 400;\"><em>Assessoria de Imprensa<\/em><br \/>\n<strong>Jane Fernandes<\/strong><\/span><\/p>\n<p><span style=\"font-weight: 400;\"><em>Assistente de Assessoria de Imprensa<\/em><br \/>\n<strong>Elis Freire<\/strong><\/span><\/p>\n<p><span style=\"font-weight: 400;\"><em>Redes Sociais<\/em><br \/>\n<strong>Nataly Pinho e Let\u00edcia Gabriela<\/strong><\/span><\/p>\n<p><span style=\"font-weight: 400;\"><em>Proje\u00e7\u00e3o Cine Glauber Rocha<\/em><br \/>\n<strong>Alan Carlson e Pedro Hahn<\/strong><\/span><\/p>\n<p><span style=\"font-weight: 400;\"><em>Programa\u00e7\u00e3o Visual e Diagrama\u00e7\u00e3o<\/em><br \/>\n<strong>Pierre Themotheo<\/strong><\/span><\/p>\n<p><span style=\"font-weight: 400;\"><em>Programa\u00e7\u00e3o Visual e Desenvolvimento de Site<\/em><br \/>\n<strong>Duda Itajahy<br \/>\nNathalia Figueiredo<\/strong><\/span><\/p>\n<p><span style=\"font-weight: 400;\"><em>Cartaz e Ilustra\u00e7\u00f5es<\/em><br \/>\n<strong>Luma Fl\u00f4res<\/strong><\/span><\/p>\n<p><i>Cobertura Fotogr\u00e1fica<\/i><br \/><span style=\"color: var(--awb-text-color); font-family: var(--awb-text-font-family); font-size: var(--awb-font-size); font-style: var(--awb-text-font-style); letter-spacing: var(--awb-letter-spacing); text-align: var(--awb-content-alignment); text-transform: var(--awb-text-transform); background-color: var(--awb-bg-color-hover);\"><b>Milena Palladino<\/b><\/span><\/p>\n<p><i>Cobertura de v\u00eddeo<\/i><br \/><span style=\"color: var(--awb-text-color); font-family: var(--awb-text-font-family); font-size: var(--awb-font-size); font-style: var(--awb-text-font-style); letter-spacing: var(--awb-letter-spacing); text-align: var(--awb-content-alignment); text-transform: var(--awb-text-transform); background-color: var(--awb-bg-color-hover);\"><b>Iago Augusto<\/b><\/span><\/p>\n<p><span style=\"font-weight: 400;\"><em>Vinheta<\/em><br \/>\n<strong>Bruna Carvalho<\/strong><\/span><\/p>\n<p><span style=\"font-weight: 400;\"><em>Edi\u00e7\u00e3o de V\u00eddeos<\/em><br \/>\n<strong>Bruna Castro<\/strong><\/span><\/p>\n<p><span style=\"font-weight: 400;\"><em>Tradu\u00e7\u00e3o<\/em><br \/>\n<strong>Jo\u00e3o Paulo Barreto<\/strong><\/span><\/p>\n<p><span style=\"font-weight: 400;\"><em>Monitoria Legendagem<\/em><br \/>\n<strong> Sofia Reis <\/strong><\/span><\/p>\n<p><span style=\"font-weight: 400;\"><em>Monitoria PANLAB<\/em><br \/>\n<strong>Filipe Monteiro, <\/strong><\/span><span style=\"font-weight: 400;\"><strong>Manuela Azevedo e G\u00e9ssica Barbosa<\/strong><\/span><\/p>\n<p><span style=\"font-weight: 400;\"><em style=\"font-weight: 400;\">Monitoria Receptivo<\/em><br \/>\n<b>Diandra Rocha e Maria Fernandes<\/b><\/span><\/p>\n<p><span style=\"font-weight: 400;\"><em style=\"font-weight: 400;\">Monitoria Debates e Semin\u00e1rio<\/em><br \/>\n<b>Rayana Fran\u00e7a e Nat\u00e1lia Paiva<\/b><\/span><\/p>\n<p><span style=\"font-weight: 400;\"><em style=\"font-weight: 400;\">Monitoria Financeiro<\/em><br \/>\n<b>Daiane Nascimento<\/b><\/span><\/p>\n<p><span style=\"font-weight: 400;\"><em style=\"font-weight: 400;\">Monitoria Sala Walter da Silveira<\/em><br \/>\n<b>Joelma Stella<\/b><\/span><\/p>\n<p><span style=\"font-weight: 400;\"><em style=\"font-weight: 400;\">Monitoria Panorama no Terra\u00e7o<\/em><br \/>\n<b>Ayalla Oliveira<\/b><\/span><\/p>\n<p><i>Monitoria Mobiliza\u00e7\u00e3o<br \/><\/i><b>Juliana Fonseca<\/b><\/p>\n<p><span style=\"font-weight: 400;\"><em>Curadoria<\/em><br \/>\n<strong>Cl\u00e1udio Marques, Mar\u00edlia Hughes, Rafael Saraiva, G\u00eanesis Nascimento, Ceci Alves, Rafael Carvalho e Adolfo Gomes<\/strong><\/span><\/p>\n<p><strong><em>Equipe Griot\/ P\u00f3s-produ\u00e7\u00e3o (download e DCP)<br \/>\n<\/em><\/strong><em><span style=\"font-weight: 400;\">Daniel Fr\u00f3es, Caio Requi\u00e3o e Jo\u00e3o Guerra<br \/>\n<\/span><\/em><\/p>\n<p><span style=\"color: var(--awb-text-color); font-family: var(--awb-text-font-family); font-size: var(--awb-font-size); font-weight: var(--awb-text-font-weight); letter-spacing: var(--awb-letter-spacing); text-align: var(--awb-content-alignment); text-transform: var(--awb-text-transform); background-color: var(--awb-bg-color-hover);\"><i>Som e Ilumina\u00e7\u00e3o<br \/><\/i><\/span><b style=\"color: var(--awb-text-color); font-family: var(--awb-text-font-family); font-size: var(--awb-font-size); font-style: var(--awb-text-font-style); letter-spacing: var(--awb-letter-spacing); text-align: var(--awb-content-alignment); text-transform: var(--awb-text-transform); background-color: var(--awb-bg-color-hover);\"><i>Luciano Almeida<br \/><\/i><\/b><\/p>\n<p><b style=\"color: var(--awb-text-color); font-family: var(--awb-text-font-family); font-size: var(--awb-font-size); font-style: var(--awb-text-font-style); letter-spacing: var(--awb-letter-spacing); text-align: var(--awb-content-alignment); text-transform: var(--awb-text-transform); background-color: var(--awb-bg-color-hover);\"><i>Eraldo dos Santos<br \/><\/i><\/b><span style=\"font-weight: 400;\"><em><br \/>Tradu\u00e7\u00e3o Libras<\/em><br \/>\n<strong>Ana Paula Nepomuceno<\/strong><br \/>\n<strong>Isabela Menezes<\/strong><br \/>\n<strong>Andressa Silva Matheus<\/strong><br \/>\n<strong>Priscila Mota<\/strong><br \/>\n<\/span><\/p>\n<\/p>\n<p><i>Consultor Acessibilidade<br \/><\/i><b style=\"background-color: var(--awb-bg-color-hover); color: var(--awb-text-color); font-family: var(--awb-text-font-family); font-size: var(--awb-font-size); font-style: var(--awb-text-font-style); letter-spacing: var(--awb-letter-spacing); text-align: var(--awb-content-alignment); text-transform: var(--awb-text-transform);\">Deivide Monteiro<\/b><\/p>\n<\/p>\n<p><i><span style=\"font-weight: 400;\">Vinheta Acessibilidade<\/span><\/i><i><span style=\"font-weight: 400;\"><br \/>\n<\/span><\/i><b><i>ADarte Acessibilidade <\/i><\/b><b><i><br \/>\n<\/i><\/b><b><i>Audiodescri\u00e7\u00e3o e narra\u00e7\u00e3o: Adriana Urpia<\/i><\/b><b><i><br \/>\n<\/i><\/b><b><i>LSE, grava\u00e7\u00e3o e edi\u00e7\u00e3o: Sergio Nunes <\/i><\/b><b><i><br \/>\n<\/i><\/b><b><i>Libras: Wermerson Silva<\/i><\/b><\/p>\n<p><i><span style=\"font-weight: 400;\">Trof\u00e9u<\/span><\/i><b><i><br \/>\n<\/i><\/b><b><i>Caroline Soares e Tainan Carneiro<\/i><\/b><\/p>\n<p><i><span style=\"font-weight: 400;\">Idealiza\u00e7\u00e3o Trof\u00e9u<\/span><\/i><b><i><br \/>\n<\/i><\/b><b><i>Lu\u00eds Parras<\/i><\/b><\/p>\n<\/div><\/div><\/div><\/div><\/div>\n","protected":false},"excerpt":{"rendered":"","protected":false},"author":3,"featured_media":0,"parent":24721,"menu_order":21,"comment_status":"closed","ping_status":"closed","template":"100-width.php","meta":{"_acf_changed":false,"footnotes":""},"class_list":["post-1150","page","type-page","status-publish","hentry"],"acf":[],"yoast_head":"<!-- This site is optimized with the Yoast SEO plugin v25.7 - https:\/\/yoast.com\/wordpress\/plugins\/seo\/ -->\n<title>Equipe - XIX Panorama Internacional Coisa de Cinema<\/title>\n<meta name=\"robots\" content=\"index, follow, max-snippet:-1, max-image-preview:large, max-video-preview:-1\" \/>\n<link rel=\"canonical\" href=\"https:\/\/acervo.coisadecinema.com.br\/xix-panorama\/o-festival\/equipe\/\" \/>\n<meta property=\"og:locale\" content=\"pt_BR\" \/>\n<meta property=\"og:type\" content=\"article\" \/>\n<meta property=\"og:title\" content=\"Equipe - XIX Panorama Internacional Coisa de Cinema\" \/>\n<meta property=\"og:url\" content=\"https:\/\/acervo.coisadecinema.com.br\/xix-panorama\/o-festival\/equipe\/\" \/>\n<meta property=\"og:site_name\" content=\"XIX Panorama Internacional Coisa de Cinema\" \/>\n<meta property=\"article:modified_time\" content=\"2024-03-14T15:32:30+00:00\" \/>\n<meta property=\"og:image\" content=\"https:\/\/acervo.coisadecinema.com.br\/xix-panorama\/wp-content\/uploads\/2024\/02\/site-2100x900-1.webp\" \/>\n\t<meta property=\"og:image:width\" content=\"2100\" \/>\n\t<meta property=\"og:image:height\" content=\"900\" \/>\n\t<meta property=\"og:image:type\" content=\"image\/webp\" \/>\n<meta name=\"twitter:card\" content=\"summary_large_image\" \/>\n<meta name=\"twitter:label1\" content=\"Est. tempo de leitura\" \/>\n\t<meta name=\"twitter:data1\" content=\"2 minutos\" \/>\n<script type=\"application\/ld+json\" class=\"yoast-schema-graph\">{\"@context\":\"https:\/\/schema.org\",\"@graph\":[{\"@type\":\"WebPage\",\"@id\":\"https:\/\/acervo.coisadecinema.com.br\/xix-panorama\/o-festival\/equipe\/\",\"url\":\"https:\/\/acervo.coisadecinema.com.br\/xix-panorama\/o-festival\/equipe\/\",\"name\":\"Equipe - XIX Panorama Internacional Coisa de Cinema\",\"isPartOf\":{\"@id\":\"https:\/\/acervo.coisadecinema.com.br\/xix-panorama\/#website\"},\"datePublished\":\"2021-02-20T22:16:52+00:00\",\"dateModified\":\"2024-03-14T15:32:30+00:00\",\"breadcrumb\":{\"@id\":\"https:\/\/acervo.coisadecinema.com.br\/xix-panorama\/o-festival\/equipe\/#breadcrumb\"},\"inLanguage\":\"pt-BR\",\"potentialAction\":[{\"@type\":\"ReadAction\",\"target\":[\"https:\/\/acervo.coisadecinema.com.br\/xix-panorama\/o-festival\/equipe\/\"]}]},{\"@type\":\"BreadcrumbList\",\"@id\":\"https:\/\/acervo.coisadecinema.com.br\/xix-panorama\/o-festival\/equipe\/#breadcrumb\",\"itemListElement\":[{\"@type\":\"ListItem\",\"position\":1,\"name\":\"In\u00edcio\",\"item\":\"https:\/\/acervo.coisadecinema.com.br\/xix-panorama\/\"},{\"@type\":\"ListItem\",\"position\":2,\"name\":\"O Festival\",\"item\":\"https:\/\/acervo.coisadecinema.com.br\/xix-panorama\/o-festival\/\"},{\"@type\":\"ListItem\",\"position\":3,\"name\":\"Equipe\"}]},{\"@type\":\"WebSite\",\"@id\":\"https:\/\/acervo.coisadecinema.com.br\/xix-panorama\/#website\",\"url\":\"https:\/\/acervo.coisadecinema.com.br\/xix-panorama\/\",\"name\":\"XIX Panorama Internacional Coisa de Cinema\",\"description\":\"\",\"publisher\":{\"@id\":\"https:\/\/acervo.coisadecinema.com.br\/xix-panorama\/#organization\"},\"alternateName\":\"XIX Panorama Internacional Coisa de Cinema\",\"potentialAction\":[{\"@type\":\"SearchAction\",\"target\":{\"@type\":\"EntryPoint\",\"urlTemplate\":\"https:\/\/acervo.coisadecinema.com.br\/xix-panorama\/?s={search_term_string}\"},\"query-input\":{\"@type\":\"PropertyValueSpecification\",\"valueRequired\":true,\"valueName\":\"search_term_string\"}}],\"inLanguage\":\"pt-BR\"},{\"@type\":\"Organization\",\"@id\":\"https:\/\/acervo.coisadecinema.com.br\/xix-panorama\/#organization\",\"name\":\"XIX Panorama Internacional Coisa de Cinema\",\"url\":\"https:\/\/acervo.coisadecinema.com.br\/xix-panorama\/\",\"logo\":{\"@type\":\"ImageObject\",\"inLanguage\":\"pt-BR\",\"@id\":\"https:\/\/acervo.coisadecinema.com.br\/xix-panorama\/#\/schema\/logo\/image\/\",\"url\":\"https:\/\/panorama.coisadecinema.com.br\/wp-content\/uploads\/2022\/08\/logo-panoramaxix-2024-pos-LO.webp\",\"contentUrl\":\"https:\/\/panorama.coisadecinema.com.br\/wp-content\/uploads\/2022\/08\/logo-panoramaxix-2024-pos-LO.webp\",\"width\":600,\"height\":161,\"caption\":\"XIX Panorama Internacional Coisa de Cinema\"},\"image\":{\"@id\":\"https:\/\/acervo.coisadecinema.com.br\/xix-panorama\/#\/schema\/logo\/image\/\"}}]}<\/script>\n<!-- \/ Yoast SEO plugin. -->","yoast_head_json":{"title":"Equipe - XIX Panorama Internacional Coisa de Cinema","robots":{"index":"index","follow":"follow","max-snippet":"max-snippet:-1","max-image-preview":"max-image-preview:large","max-video-preview":"max-video-preview:-1"},"canonical":"https:\/\/acervo.coisadecinema.com.br\/xix-panorama\/o-festival\/equipe\/","og_locale":"pt_BR","og_type":"article","og_title":"Equipe - XIX Panorama Internacional Coisa de Cinema","og_url":"https:\/\/acervo.coisadecinema.com.br\/xix-panorama\/o-festival\/equipe\/","og_site_name":"XIX Panorama Internacional Coisa de Cinema","article_modified_time":"2024-03-14T15:32:30+00:00","og_image":[{"width":2100,"height":900,"url":"https:\/\/acervo.coisadecinema.com.br\/xix-panorama\/wp-content\/uploads\/2024\/02\/site-2100x900-1.webp","type":"image\/webp"}],"twitter_card":"summary_large_image","twitter_misc":{"Est. tempo de leitura":"2 minutos"},"schema":{"@context":"https:\/\/schema.org","@graph":[{"@type":"WebPage","@id":"https:\/\/acervo.coisadecinema.com.br\/xix-panorama\/o-festival\/equipe\/","url":"https:\/\/acervo.coisadecinema.com.br\/xix-panorama\/o-festival\/equipe\/","name":"Equipe - XIX Panorama Internacional Coisa de Cinema","isPartOf":{"@id":"https:\/\/acervo.coisadecinema.com.br\/xix-panorama\/#website"},"datePublished":"2021-02-20T22:16:52+00:00","dateModified":"2024-03-14T15:32:30+00:00","breadcrumb":{"@id":"https:\/\/acervo.coisadecinema.com.br\/xix-panorama\/o-festival\/equipe\/#breadcrumb"},"inLanguage":"pt-BR","potentialAction":[{"@type":"ReadAction","target":["https:\/\/acervo.coisadecinema.com.br\/xix-panorama\/o-festival\/equipe\/"]}]},{"@type":"BreadcrumbList","@id":"https:\/\/acervo.coisadecinema.com.br\/xix-panorama\/o-festival\/equipe\/#breadcrumb","itemListElement":[{"@type":"ListItem","position":1,"name":"In\u00edcio","item":"https:\/\/acervo.coisadecinema.com.br\/xix-panorama\/"},{"@type":"ListItem","position":2,"name":"O Festival","item":"https:\/\/acervo.coisadecinema.com.br\/xix-panorama\/o-festival\/"},{"@type":"ListItem","position":3,"name":"Equipe"}]},{"@type":"WebSite","@id":"https:\/\/acervo.coisadecinema.com.br\/xix-panorama\/#website","url":"https:\/\/acervo.coisadecinema.com.br\/xix-panorama\/","name":"XIX Panorama Internacional Coisa de Cinema","description":"","publisher":{"@id":"https:\/\/acervo.coisadecinema.com.br\/xix-panorama\/#organization"},"alternateName":"XIX Panorama Internacional Coisa de Cinema","potentialAction":[{"@type":"SearchAction","target":{"@type":"EntryPoint","urlTemplate":"https:\/\/acervo.coisadecinema.com.br\/xix-panorama\/?s={search_term_string}"},"query-input":{"@type":"PropertyValueSpecification","valueRequired":true,"valueName":"search_term_string"}}],"inLanguage":"pt-BR"},{"@type":"Organization","@id":"https:\/\/acervo.coisadecinema.com.br\/xix-panorama\/#organization","name":"XIX Panorama Internacional Coisa de Cinema","url":"https:\/\/acervo.coisadecinema.com.br\/xix-panorama\/","logo":{"@type":"ImageObject","inLanguage":"pt-BR","@id":"https:\/\/acervo.coisadecinema.com.br\/xix-panorama\/#\/schema\/logo\/image\/","url":"https:\/\/panorama.coisadecinema.com.br\/wp-content\/uploads\/2022\/08\/logo-panoramaxix-2024-pos-LO.webp","contentUrl":"https:\/\/panorama.coisadecinema.com.br\/wp-content\/uploads\/2022\/08\/logo-panoramaxix-2024-pos-LO.webp","width":600,"height":161,"caption":"XIX Panorama Internacional Coisa de Cinema"},"image":{"@id":"https:\/\/acervo.coisadecinema.com.br\/xix-panorama\/#\/schema\/logo\/image\/"}}]}},"_links":{"self":[{"href":"https:\/\/acervo.coisadecinema.com.br\/xix-panorama\/wp-json\/wp\/v2\/pages\/1150","targetHints":{"allow":["GET"]}}],"collection":[{"href":"https:\/\/acervo.coisadecinema.com.br\/xix-panorama\/wp-json\/wp\/v2\/pages"}],"about":[{"href":"https:\/\/acervo.coisadecinema.com.br\/xix-panorama\/wp-json\/wp\/v2\/types\/page"}],"author":[{"embeddable":true,"href":"https:\/\/acervo.coisadecinema.com.br\/xix-panorama\/wp-json\/wp\/v2\/users\/3"}],"replies":[{"embeddable":true,"href":"https:\/\/acervo.coisadecinema.com.br\/xix-panorama\/wp-json\/wp\/v2\/comments?post=1150"}],"version-history":[{"count":46,"href":"https:\/\/acervo.coisadecinema.com.br\/xix-panorama\/wp-json\/wp\/v2\/pages\/1150\/revisions"}],"predecessor-version":[{"id":31244,"href":"https:\/\/acervo.coisadecinema.com.br\/xix-panorama\/wp-json\/wp\/v2\/pages\/1150\/revisions\/31244"}],"up":[{"embeddable":true,"href":"https:\/\/acervo.coisadecinema.com.br\/xix-panorama\/wp-json\/wp\/v2\/pages\/24721"}],"wp:attachment":[{"href":"https:\/\/acervo.coisadecinema.com.br\/xix-panorama\/wp-json\/wp\/v2\/media?parent=1150"}],"curies":[{"name":"wp","href":"https:\/\/api.w.org\/{rel}","templated":true}]}}