{"id":571,"date":"2020-11-23T22:59:06","date_gmt":"2020-11-24T00:59:06","guid":{"rendered":"http:\/\/panlabteste.coisadecinema.com.br\/?page_id=571"},"modified":"2020-11-23T23:01:26","modified_gmt":"2020-11-24T01:01:26","slug":"sel_of_roteiro","status":"publish","type":"page","link":"https:\/\/acervo.coisadecinema.com.br\/panlab2020\/sel_of_roteiro\/","title":{"rendered":"sel_of_roteiro"},"content":{"rendered":"\t\t<div data-elementor-type=\"wp-page\" data-elementor-id=\"571\" class=\"elementor elementor-571\">\n\t\t\t\t\t\t<section class=\"elementor-section elementor-top-section elementor-element elementor-element-868ee6f elementor-section-content-top elementor-section-boxed elementor-section-height-default elementor-section-height-default\" data-id=\"868ee6f\" data-element_type=\"section\">\n\t\t\t\t\t\t\t<div class=\"elementor-background-overlay\"><\/div>\n\t\t\t\t\t\t\t<div class=\"elementor-container elementor-column-gap-no\">\n\t\t\t\t\t<div class=\"elementor-column elementor-col-100 elementor-top-column elementor-element elementor-element-c0dd7a2\" data-id=\"c0dd7a2\" data-element_type=\"column\">\n\t\t\t<div class=\"elementor-widget-wrap elementor-element-populated\">\n\t\t\t\t\t\t<div class=\"elementor-element elementor-element-c7bec90 elementor-widget elementor-widget-heading\" data-id=\"c7bec90\" data-element_type=\"widget\" data-widget_type=\"heading.default\">\n\t\t\t\t<div class=\"elementor-widget-container\">\n\t\t\t<h1 class=\"elementor-heading-title elementor-size-default\">Selecionados - Oficina de Roteiro<\/h1>\t\t<\/div>\n\t\t\t\t<\/div>\n\t\t\t\t<div class=\"elementor-element elementor-element-6543e8b elementor-widget-divider--view-line elementor-widget elementor-widget-divider\" data-id=\"6543e8b\" data-element_type=\"widget\" data-widget_type=\"divider.default\">\n\t\t\t\t<div class=\"elementor-widget-container\">\n\t\t\t\t\t<div class=\"elementor-divider\">\n\t\t\t<span class=\"elementor-divider-separator\">\n\t\t\t\t\t\t<\/span>\n\t\t<\/div>\n\t\t\t\t<\/div>\n\t\t\t\t<\/div>\n\t\t\t\t\t<\/div>\n\t\t<\/div>\n\t\t\t\t\t<\/div>\n\t\t<\/section>\n\t\t\t\t<section class=\"elementor-section elementor-top-section elementor-element elementor-element-123231e elementor-section-boxed elementor-section-height-default elementor-section-height-default\" data-id=\"123231e\" data-element_type=\"section\" data-settings=\"{&quot;background_background&quot;:&quot;classic&quot;}\">\n\t\t\t\t\t\t<div class=\"elementor-container elementor-column-gap-no\">\n\t\t\t\t\t<div class=\"elementor-column elementor-col-100 elementor-top-column elementor-element elementor-element-6a63120\" data-id=\"6a63120\" data-element_type=\"column\">\n\t\t\t<div class=\"elementor-widget-wrap elementor-element-populated\">\n\t\t\t\t\t\t<div class=\"elementor-element elementor-element-b8ce14d elementor-widget elementor-widget-text-editor\" data-id=\"b8ce14d\" data-element_type=\"widget\" data-widget_type=\"text-editor.default\">\n\t\t\t\t<div class=\"elementor-widget-container\">\n\t\t\t\t\t\t\t<ol><li><span style=\"font-weight: 400;\">Demian Moreira<br \/><br \/><\/span><\/li><li><span style=\"font-weight: 400;\">Isak Ramos<br \/><br \/><\/span><\/li><li><span style=\"font-weight: 400;\">Jos\u00e9 Raimundo<br \/><br \/><\/span><\/li><li><span style=\"font-weight: 400;\">A\u00edcha Marques<br \/><br \/><\/span><\/li><li><span style=\"font-weight: 400;\">Tha\u00eds Alves<br \/><br \/><\/span><\/li><li><span style=\"font-weight: 400;\">J\u00falia Fernandes<br \/><br \/><\/span><\/li><li><span style=\"font-weight: 400;\">F\u00e1bio Leal<br \/><br \/><\/span><\/li><li><span style=\"font-weight: 400;\">Karine Luzolo<br \/><br \/><\/span><\/li><li><span style=\"font-weight: 400;\">Klaus Hastenreiter<br \/><br \/><\/span><\/li><li><span style=\"font-weight: 400;\">Deniere Rocha Silva<br \/><br \/><\/span><\/li><li><span style=\"font-weight: 400;\">Eduardo Tosta<br \/><br \/><\/span><\/li><li><span style=\"font-weight: 400;\">Clara Cavalcanti Rellstab<br \/><br \/><\/span><\/li><li><span style=\"font-weight: 400;\">Maria Cristina<br \/><br \/><\/span><\/li><li><span style=\"font-weight: 400;\">Isabel Sampaio<br \/><br \/><\/span><\/li><li><span style=\"font-weight: 400;\">Fl\u00e1vio dos Reis dos Santos<br \/><br \/><\/span><\/li><li><span style=\"font-weight: 400;\">F\u00e1bio Duarte<br \/><br \/><\/span><\/li><li><span style=\"font-weight: 400;\">Tatiana Devos<br \/><br \/><\/span><\/li><li><span style=\"font-weight: 400;\">Moara Costenaro<br \/><br \/><\/span><\/li><li><span style=\"font-weight: 400;\">Salete Madalena Souza<br \/><br \/><\/span><\/li><li><span style=\"font-weight: 400;\">Natasha Jerusalinsky<br \/><br \/><\/span><\/li><li><span style=\"font-weight: 400;\">N\u00edvea Matias<br \/><br \/><\/span><\/li><li><span style=\"font-weight: 400;\">Jezabel Bamberg<br \/><br \/><\/span><\/li><li><span style=\"font-weight: 400;\">Matheus Leone de Moraes<br \/><br \/><\/span><\/li><li><span style=\"font-weight: 400;\">Sofia Fumagalli<br \/><br \/><\/span><\/li><li><span style=\"font-weight: 400;\">Maria Ant\u00f4nia Fernande<br \/><br \/><\/span><\/li><li><span style=\"font-weight: 400;\">Marina Andari Hatty<\/span><\/li><\/ol>\t\t\t\t\t\t<\/div>\n\t\t\t\t<\/div>\n\t\t\t\t\t<\/div>\n\t\t<\/div>\n\t\t\t\t\t<\/div>\n\t\t<\/section>\n\t\t\t\t<section class=\"elementor-section elementor-top-section elementor-element elementor-element-e5010bb elementor-section-boxed elementor-section-height-default elementor-section-height-default\" data-id=\"e5010bb\" data-element_type=\"section\">\n\t\t\t\t\t\t<div class=\"elementor-container elementor-column-gap-default\">\n\t\t\t\t\t<div class=\"elementor-column elementor-col-100 elementor-top-column elementor-element elementor-element-25fe64c\" data-id=\"25fe64c\" data-element_type=\"column\">\n\t\t\t<div class=\"elementor-widget-wrap elementor-element-populated\">\n\t\t\t\t\t\t<div class=\"elementor-element elementor-element-d0c2a82 elementor-widget elementor-widget-image\" data-id=\"d0c2a82\" data-element_type=\"widget\" data-widget_type=\"image.default\">\n\t\t\t\t<div class=\"elementor-widget-container\">\n\t\t\t\t\t\t\t\t\t\t\t\t\t<img fetchpriority=\"high\" decoding=\"async\" width=\"1024\" height=\"126\" src=\"https:\/\/acervo.coisadecinema.com.br\/panlab2020\/wp-content\/uploads\/2020\/11\/rodape-3-1024x126.png\" class=\"attachment-large size-large wp-image-549\" alt=\"\" srcset=\"https:\/\/acervo.coisadecinema.com.br\/panlab2020\/wp-content\/uploads\/2020\/11\/rodape-3-1024x126.png 1024w, https:\/\/acervo.coisadecinema.com.br\/panlab2020\/wp-content\/uploads\/2020\/11\/rodape-3-300x37.png 300w, https:\/\/acervo.coisadecinema.com.br\/panlab2020\/wp-content\/uploads\/2020\/11\/rodape-3-768x94.png 768w, https:\/\/acervo.coisadecinema.com.br\/panlab2020\/wp-content\/uploads\/2020\/11\/rodape-3-1536x189.png 1536w, https:\/\/acervo.coisadecinema.com.br\/panlab2020\/wp-content\/uploads\/2020\/11\/rodape-3.png 1571w\" sizes=\"(max-width: 1024px) 100vw, 1024px\" \/>\t\t\t\t\t\t\t\t\t\t\t\t\t<\/div>\n\t\t\t\t<\/div>\n\t\t\t\t\t<\/div>\n\t\t<\/div>\n\t\t\t\t\t<\/div>\n\t\t<\/section>\n\t\t\t\t<\/div>\n\t\t","protected":false},"excerpt":{"rendered":"<p>Selecionados &#8211; Oficina de Roteiro Demian Moreira Isak Ramos Jos\u00e9 Raimundo A\u00edcha Marques Tha\u00eds Alves J\u00falia Fernandes F\u00e1bio Leal Karine Luzolo Klaus Hastenreiter Deniere Rocha Silva Eduardo Tosta Clara Cavalcanti Rellstab Maria Cristina Isabel Sampaio Fl\u00e1vio dos Reis dos Santos F\u00e1bio Duarte Tatiana Devos Moara Costenaro Salete Madalena Souza Natasha Jerusalinsky N\u00edvea Matias Jezabel Bamberg [&hellip;]<\/p>\n","protected":false},"author":1,"featured_media":0,"parent":0,"menu_order":0,"comment_status":"closed","ping_status":"closed","template":"","meta":{"site-sidebar-layout":"no-sidebar","site-content-layout":"page-builder","ast-site-content-layout":"","site-content-style":"default","site-sidebar-style":"default","ast-global-header-display":"","ast-banner-title-visibility":"","ast-main-header-display":"","ast-hfb-above-header-display":"","ast-hfb-below-header-display":"","ast-hfb-mobile-header-display":"","site-post-title":"disabled","ast-breadcrumbs-content":"disabled","ast-featured-img":"disabled","footer-sml-layout":"","theme-transparent-header-meta":"enabled","adv-header-id-meta":"","stick-header-meta":"","header-above-stick-meta":"","header-main-stick-meta":"","header-below-stick-meta":"","astra-migrate-meta-layouts":"default","ast-page-background-enabled":"default","ast-page-background-meta":{"desktop":{"background-color":"var(--ast-global-color-4)","background-image":"","background-repeat":"repeat","background-position":"center center","background-size":"auto","background-attachment":"scroll","background-type":"","background-media":"","overlay-type":"","overlay-color":"","overlay-opacity":"","overlay-gradient":""},"tablet":{"background-color":"","background-image":"","background-repeat":"repeat","background-position":"center center","background-size":"auto","background-attachment":"scroll","background-type":"","background-media":"","overlay-type":"","overlay-color":"","overlay-opacity":"","overlay-gradient":""},"mobile":{"background-color":"","background-image":"","background-repeat":"repeat","background-position":"center center","background-size":"auto","background-attachment":"scroll","background-type":"","background-media":"","overlay-type":"","overlay-color":"","overlay-opacity":"","overlay-gradient":""}},"ast-content-background-meta":{"desktop":{"background-color":"var(--ast-global-color-5)","background-image":"","background-repeat":"repeat","background-position":"center center","background-size":"auto","background-attachment":"scroll","background-type":"","background-media":"","overlay-type":"","overlay-color":"","overlay-opacity":"","overlay-gradient":""},"tablet":{"background-color":"var(--ast-global-color-5)","background-image":"","background-repeat":"repeat","background-position":"center center","background-size":"auto","background-attachment":"scroll","background-type":"","background-media":"","overlay-type":"","overlay-color":"","overlay-opacity":"","overlay-gradient":""},"mobile":{"background-color":"var(--ast-global-color-5)","background-image":"","background-repeat":"repeat","background-position":"center center","background-size":"auto","background-attachment":"scroll","background-type":"","background-media":"","overlay-type":"","overlay-color":"","overlay-opacity":"","overlay-gradient":""}},"footnotes":""},"_links":{"self":[{"href":"https:\/\/acervo.coisadecinema.com.br\/panlab2020\/wp-json\/wp\/v2\/pages\/571"}],"collection":[{"href":"https:\/\/acervo.coisadecinema.com.br\/panlab2020\/wp-json\/wp\/v2\/pages"}],"about":[{"href":"https:\/\/acervo.coisadecinema.com.br\/panlab2020\/wp-json\/wp\/v2\/types\/page"}],"author":[{"embeddable":true,"href":"https:\/\/acervo.coisadecinema.com.br\/panlab2020\/wp-json\/wp\/v2\/users\/1"}],"replies":[{"embeddable":true,"href":"https:\/\/acervo.coisadecinema.com.br\/panlab2020\/wp-json\/wp\/v2\/comments?post=571"}],"version-history":[{"count":3,"href":"https:\/\/acervo.coisadecinema.com.br\/panlab2020\/wp-json\/wp\/v2\/pages\/571\/revisions"}],"predecessor-version":[{"id":574,"href":"https:\/\/acervo.coisadecinema.com.br\/panlab2020\/wp-json\/wp\/v2\/pages\/571\/revisions\/574"}],"wp:attachment":[{"href":"https:\/\/acervo.coisadecinema.com.br\/panlab2020\/wp-json\/wp\/v2\/media?parent=571"}],"curies":[{"name":"wp","href":"https:\/\/api.w.org\/{rel}","templated":true}]}}