{"id":16,"date":"2016-07-08T04:06:58","date_gmt":"2016-07-08T07:06:58","guid":{"rendered":"http:\/\/coisadecinema.com.br\/guerra-de-algodao\/?page_id=16"},"modified":"2016-07-13T02:01:04","modified_gmt":"2016-07-13T05:01:04","slug":"sinopse","status":"publish","type":"page","link":"https:\/\/acervo.coisadecinema.com.br\/guerradoalgodao\/sinopse\/","title":{"rendered":"Sinopse"},"content":{"rendered":"<p>Guerra de Algod\u00e3o conta a hist\u00f3ria de Jo\u00e3o, um garoto de 11 anos, que passar\u00e1 por um ritual de amadurecimento. Muito protegido at\u00e9 ent\u00e3o, com uma liga\u00e7\u00e3o muito forte com sua m\u00e3e, Jo\u00e3o ter\u00e1 que passar as f\u00e9rias no apartamento dos av\u00f3s, que est\u00e1 localizado em um condom\u00ednio de pr\u00e9dios de classe m\u00e9dia em Salvador.<\/p>\n<p>L\u00e1, ele ter\u00e1 que se esfor\u00e7ar para fazer novas amizades e sobretudo conquistar a confian\u00e7a de Lia, menina de 12 anos, l\u00edder da turma e dona de uma personalidade muito forte. Em princ\u00edpio, Jo\u00e3o acredita que pode buscar algum tipo de prote\u00e7\u00e3o por parte dela e, de certa forma, substituir a figura materna. Mas, logo ele compreender\u00e1 que se trata de uma outra natureza de rela\u00e7\u00e3o. Assim, em pouco tempo o garoto ter\u00e1 chance de experimentar um grande aprendizado.<\/p>\n<p>Ao longo da hist\u00f3ria, os personagens centrais ir\u00e3o enfrentar quest\u00f5es que nos acompanham durante toda a vida: disputa pelo poder e territ\u00f3rio, ci\u00fames, competi\u00e7\u00e3o, admira\u00e7\u00e3o, amizade e solidariedade. Sentimentos que s\u00e3o experimentados desde muito cedo e que surgem quando o encontro com o outro acontece.<\/p>\n<p>Todo o aprendizado de Jo\u00e3o ter\u00e1 em seu av\u00f4, Araqu\u00e9m, um mentor. Ele ir\u00e1 aconselhar o pequeno em seus momentos mais delicados e o ajudar\u00e1 nessa nova etapa de sua vida. Atrav\u00e9s de Araqu\u00e9m, por fim, Jo\u00e3o vai se deparar, tamb\u00e9m, com o maior de todos os aprendizados: que a morte tamb\u00e9m faz parte da vida.<\/p>\n<p>Em Guerra de Algod\u00e3o, a experi\u00eancia da inf\u00e2ncia mescla-se \u00e0s quest\u00f5es limites do homem. Trata-se de um filme carregado de afetividade e de situa\u00e7\u00f5es universais. Teremos um filme feito para a fam\u00edlia, mas com momentos de tens\u00e3o e adrenalina. O longa- metragem tem como alvo o p\u00fablico infanto- juvenil, mas pretende comunicar, tamb\u00e9m, com pessoas de todas as idades.<\/p>\n","protected":false},"excerpt":{"rendered":"<p>Guerra de Algod\u00e3o conta a hist\u00f3ria de Jo\u00e3o, um garoto de 11 anos, que passar\u00e1 por um ritual de amadurecimento. Muito protegido at\u00e9 ent\u00e3o, com uma liga\u00e7\u00e3o muito forte com sua m\u00e3e, Jo\u00e3o ter\u00e1 que passar as f\u00e9rias no apartamento dos av\u00f3s, que est\u00e1 localizado em um condom\u00ednio de pr\u00e9dios de classe m\u00e9dia em Salvador. [&hellip;]<\/p>\n","protected":false},"author":1,"featured_media":0,"parent":0,"menu_order":0,"comment_status":"closed","ping_status":"closed","template":"sinopse.php","meta":{"footnotes":""},"_links":{"self":[{"href":"https:\/\/acervo.coisadecinema.com.br\/guerradoalgodao\/wp-json\/wp\/v2\/pages\/16"}],"collection":[{"href":"https:\/\/acervo.coisadecinema.com.br\/guerradoalgodao\/wp-json\/wp\/v2\/pages"}],"about":[{"href":"https:\/\/acervo.coisadecinema.com.br\/guerradoalgodao\/wp-json\/wp\/v2\/types\/page"}],"author":[{"embeddable":true,"href":"https:\/\/acervo.coisadecinema.com.br\/guerradoalgodao\/wp-json\/wp\/v2\/users\/1"}],"replies":[{"embeddable":true,"href":"https:\/\/acervo.coisadecinema.com.br\/guerradoalgodao\/wp-json\/wp\/v2\/comments?post=16"}],"version-history":[{"count":3,"href":"https:\/\/acervo.coisadecinema.com.br\/guerradoalgodao\/wp-json\/wp\/v2\/pages\/16\/revisions"}],"predecessor-version":[{"id":58,"href":"https:\/\/acervo.coisadecinema.com.br\/guerradoalgodao\/wp-json\/wp\/v2\/pages\/16\/revisions\/58"}],"wp:attachment":[{"href":"https:\/\/acervo.coisadecinema.com.br\/guerradoalgodao\/wp-json\/wp\/v2\/media?parent=16"}],"curies":[{"name":"wp","href":"https:\/\/api.w.org\/{rel}","templated":true}]}}